, 349
List the prime factors of 31549.
7, 4507
List the prime factors of 91469.
7, 73, 179
List the prime factors of 1187.
1187
What are the prime factors of 5973?
3, 11, 181
List the prime factors of 726.
2, 3, 11
What are the prime factors of 376?
2, 47
List the prime factors of 48314.
2, 7, 17, 29
List the prime factors of 59641.
19, 43, 73
What are the prime factors of 1189?
29, 41
List the prime factors of 36.
2, 3
List the prime factors of 8398.
2, 13, 17, 19
List the prime factors of 151302.
2, 3, 151, 167
List the prime factors of 3253.
3253
List the prime factors of 18083.
13, 107
List the prime factors of 4507.
4507
What are the prime factors of 7359?
3, 11, 223
What are the prime factors of 5388?
2, 3, 449
What are the prime factors of 125245?
5, 37, 677
List the prime factors of 13039.
13, 17, 59
List the prime factors of 11443.
11443
What are the prime factors of 56521?
29, 1949
What are the prime factors of 3949?
11, 359
List the prime factors of 121.
11
What are the prime factors of 26484?
2, 3, 2207
List the prime factors of 2859.
3, 953
List the prime factors of 15904.
2, 7, 71
What are the prime factors of 1658?
2, 829
List the prime factors of 731.
17, 43
What are the prime factors of 25086?
2, 3, 37, 113
List the prime factors of 7940.
2, 5, 397
What are the prime factors of 1814?
2, 907
What are the prime factors of 29210?
2, 5, 23, 127
What are the prime factors of 6163?
6163
List the prime factors of 298.
2, 149
What are the prime factors of 1340?
2, 5, 67
What are the prime factors of 1263?
3, 421
What are the prime factors of 8258?
2, 4129
What are the prime factors of 1080?
2, 3, 5
List the prime factors of 61405.
5, 12281
List the prime factors of 13108.
2, 29, 113
List the prime factors of 957.
3, 11, 29
What are the prime factors of 68927?
68927
List the prime factors of 1704.
2, 3, 71
List the prime factors of 24307.
109, 223
List the prime factors of 16357.
11, 1487
What are the prime factors of 28958?
2, 14479
List the prime factors of 13168.
2, 823
What are the prime factors of 2268?
2, 3, 7
What are the prime factors of 12519?
3, 13, 107
List the prime factors of 1759.
1759
What are the prime factors of 2653?
7, 379
What are the prime factors of 90?
2, 3, 5
List the prime factors of 1530.
2, 3, 5, 17
What are the prime factors of 523?
523
What are the prime factors of 1778?
2, 7, 127
List the prime factors of 18572.
2, 4643
List the prime factors of 29021.
29021
What are the prime factors of 50569?
61, 829
List the prime factors of 2316.
2, 3, 193
List the prime factors of 19236.
2, 3, 7, 229
What are the prime factors of 1848?
2, 3, 7, 11
What are the prime factors of 80?
2, 5
What are the prime factors of 121694?
2, 71, 857
What are the prime factors of 5715?
3, 5, 127
What are the prime factors of 1765?
5, 353
What are the prime factors of 137755?
5, 27551
What are the prime factors of 2729?
2729
What are the prime factors of 772?
2, 193
What are the prime factors of 1522?
2, 761
What are the prime factors of 1585?
5, 317
List the prime factors of 23951.
43, 557
List the prime factors of 14325.
3, 5, 191
List the prime factors of 10336.
2, 17, 19
What are the prime factors of 361?
19
List the prime factors of 65527.
7, 11, 23, 37
List the prime factors of 2170.
2, 5, 7, 31
List the prime factors of 61868.
2, 15467
What are the prime factors of 76200?
2, 3, 5, 127
List the prime factors of 81.
3
List the prime factors of 9067.
9067
List the prime factors of 2136.
2, 3, 89
What are the prime factors of 85043?
7, 12149
List the prime factors of 8532.
2, 3, 79
What are the prime factors of 129079?
29, 4451
What are the prime factors of 4642?
2, 11, 211
What are the prime factors of 143?
11, 13
What are the prime factors of 1053?
3, 13
List the prime factors of 1309.
7, 11, 17
What are the prime factors of 86391?
3, 29, 331
What are the prime factors of 4565?
5, 11, 83
What are the prime factors of 1922?
2, 31
What are the prime factors of 13230?
2, 3, 5, 7
List the prime factors of 61810.
2, 5, 7, 883
List the prime factors of 19733.
7, 2819
What are the prime factors of 605?
5, 11
What are the prime factors of 4430?
2, 5, 443
What are the prime factors of 1179?
3, 131
List the prime factors of 1950.
2, 3, 5, 13
List the prime factors of 1691.
19, 89
List the prime factors of 58855.
5, 79, 149
List the prime factors of 433.
433
What are the prime factors of 21519?
3, 797
List the prime factors of 25520.
2, 5, 11, 29
List the prime factors of 75812.
2, 11, 1723
What are the prime factors of 5695?
5, 17, 67
List the prime factors of 1002.
2, 3, 167
What are the prime factors of 674?
2, 337
List the prime factors of 5040.
2, 3, 5, 7
What are the prime factors of 20427?
3, 11, 619
List the prime factors of 1069.
1069
List the prime factors of 3813.
3, 31, 41
What are the prime factors of 1030?
2, 5, 103
List the prime factors of 34051.
17, 2003
List the prime factors of 1015.
5, 7, 29
List the prime factors of 1180.
2, 5, 59
What are the prime factors of 5942?
2, 2971
What are the prime factors of 350?
2, 5, 7
List the prime factors of 48429.
3, 5381
List the prime factors of 2064.
2, 3, 43
List the prime factors of 135225.
3, 5, 601
What are the prime factors of 3780?
2, 3, 5, 7
What are the prime factors of 1383?
3, 461
What are the prime factors of 196?
2, 7
What are the prime factors of 26?
2, 13
List the prime factors of 3713.
47, 79
List the prime factors of 1356.
2, 3, 113
What are the prime factors of 8501?
8501
List the prime factors of 26139.
3, 8713
What are the prime factors of 83041?
7, 11863
List the prime factors of 63324.
2, 3, 1759
List the prime factors of 2264.
2, 283
List the prime factors of 952.
2, 7, 17
What are the prime factors of 508?
2, 127
List the prime factors of 19428.
2, 3, 1619
What are the prime factors of 8956?
2, 2239
What are the prime factors of 3874?
2, 13, 149
List the prime factors of 1626.
2, 3, 271
List the prime factors of 22872.
2, 3, 953
List the prime factors of 1955.
5, 17, 23
What are the prime factors of 7438?
2, 3719
What are the prime factors of 12332?
2, 3083
List the prime factors of 14083.
14083
What are the prime factors of 17563?
7, 13, 193
What are the prime factors of 496?
2, 31
What are the prime factors of 7548?
2, 3, 17, 37
List the prime factors of 299.
13, 23
List the prime factors of 44003.
79, 557
What are the prime factors of 960?
2, 3, 5
What are the prime factors of 23477?
17, 1381
What are the prime factors of 1420?
2, 5, 71
What are the prime factors of 32253?
3, 13, 827
List the prime factors of 662.
2, 331
What are the prime factors of 2560?
2, 5
What are the prime factors of 3574?
2, 1787
List the prime factors of 1398.
2, 3, 233
What are the prime factors of 779?
19, 41
List the prime factors of 660.
2, 3, 5, 11
List the prime factors of 3403.
41, 83
List the prime factors of 92025.
3, 5, 409
What are the prime factors of 79640?
2, 5, 11, 181
List the prime factors of 44630.
2, 5, 4463
List the prime factors of 68844.
2, 3, 5737
List the prime factors of 1358.
2, 7, 97
List the prime factors of 171843.
3, 7, 167
List the prime factors of 71175.
3, 5, 13, 73
What are the prime factors of 42251?
11, 23, 167
List the prime factors of 202.
2, 101
What are the prime factors of 2756?
2, 13, 53
List the prime factors of 5726.
2, 7, 409
List the prime factors of 22207.
53, 419
List the prime factors of 1237.
1237
List the prime factors of 100002.
2, 3, 7, 2381
What are the prime factors of 3431?
47, 73
What are the prime factors of 2374?
2, 1187
What are the prime factors of 2027?
2027
What are the prime factors of 11922?
2, 3, 1987
List the prime factors of 9814.
2, 7, 701
List the prime factors of 2381.
2381
What are the prime factors of 122158?
2, 103, 593
What are the prime factors of 11158?
2, 7, 797
What are the prime factors of 50728?
2, 17, 373
List the prime factors of 62.
2, 31
What are the prime factors of 46153?
46153
What are the prime factors of 6892?
2, 1723
What are the prime factors of 97778?
2, 48889
What are the prime factors of 7609?
7, 1087
List the prime factors of 25227.
3, 2803
What are the prime factors of 3056?
2, 191
What are the prime factors of 1309?
7, 11, 17
What are the prime factors of 11956?
2, 7, 61
List the p